t y = c - -92. Calculate the highest common divisor of 4 and y.
4
Suppose -3*l = -4 - 2. Let z(b) = -21*b**2 - 2*b + 3. Let c be z(l). Let g = 3 - c. What is the highest common divisor of g and 11?
11
Let u = -3 - -15. Let p(l) = l**2 - 9*l + 8. Let n be p(u). What is the highest common divisor of n and 110?
22
Suppose 0*u - 2*m = -u + 24, -3*u + 32 = 4*m. Suppose -d = -0*d - u. Suppose 19*s = 24*s - 20. Calculate the highest common divisor of d and s.
4
Let l(a) = a**2 + 12*a + 23. Let u be l(-17). What is the greatest common factor of u and 12?
12
Let y = 81 - 64. Calculate the greatest common factor of y and 17.
17
Suppose -3*v - 3 = -2*f + 1, 3*f - 21 = -3*v. What is the highest common factor of 1 and f?
1
Suppose 19*p + 40 = 21*p. Calculate the highest common factor of p and 8.
4
Let i = -4 - -22. Let s(h) = 2*h - 10. Let d be s(8). Suppose -d = -c - 3. What is the highest common divisor of c and i?
3
Let t be (-10 + -14)*(-2)/6. Suppose 78 = -0*o + 2*o - 2*y, -o - 5*y + 45 = 0. Calculate the greatest common divisor of o and t.
8
Suppose 0 = -4*g - 0*g + 12. Let p be (-3 + 1)/(4/(-22)). Let r be (2 + 1)*p/g. What is the highest common factor of 44 and r?
11
Let b be 20/(-1 - 39/(-33)). Suppose -3*l - l - 8 = 0. Let m be ((-20)/(-6))/(l/(-6)). What is the highest common factor of b and m?
10
Suppose 37 = -c + 122. Suppose 2*f - 7*f + c = 0. What is the highest common factor of 17 and f?
17
Let z = 40 + -29. Let b = -9 + 53. What is the greatest common divisor of z and b?
11
Let f(a) = a - 2. Let z be f(-2). Let d(k) = -1 + 2*k + k**2 - 7*k + 0. Let o be d(z). What is the highest common factor of 5 and o?
5
Let y be 53 - (1 + -2)*1. Let v = y + -35. Let i = v - 10. What is the greatest common divisor of i and 81?
9
Suppose 0 = -9*p + 41 + 94. What is the highest common divisor of 75 and p?
15
Let z be 0 + (25 - -4) - 2. Suppose -z = -2*a - a. Calculate the greatest common factor of a and 99.
9
Suppose -c + t + 16 = 0, -4*t - 65 = -5*c - 2*t. Calculate the highest common factor of 1 and c.
1
Let s be 5 - 0 - (-1)/(-1). Suppose -4*v + l + 2*l = -28, 12 = -v - s*l. What is the highest common divisor of v and 2?
2
Let l = 56 + -28. Let q(n) = n**3 - 2*n**2 - n - 3. Let y be q(3). Let b be l/y - 8/(-12). What is the highest common factor of 5 and b?
5
Suppose 398 + 362 = 5*v. Let a be (22/6)/((-16)/(-96)) + -3. What is the highest common factor of v and a?
19
Suppose 2*k + 4 = 4*n - 24, k - 10 = -2*n. Suppose n*p - 65 = p. Calculate the greatest common divisor of 39 and p.
13
Let g be (-4 + 1)*(-10)/6. Suppose 0 = -0*j - j + 2. What is the greatest common divisor of g and j?
1
Suppose -3*l - 24 = -b, -5*l - 4 - 12 = b. Suppose 3*g - 480 = -45. Suppose 1 = -4*k + g. What is the highest common factor of b and k?
9
Let b be (-12 + (-18)/(-2))/(2/(-10)). Suppose -26 = -2*j + 4. Calculate the greatest common factor of j and b.
15
Suppose 0*o - 15 = -o. Let r(a) = -8*a + 1. Let f be r(-3). Let s = f + o. What is the greatest common divisor of s and 10?
10
Let p = -4 + 14. What is the highest common factor of 40 and p?
10
Let j = 0 + 15. Suppose 0 = 4*n - n - j. Let h = -3 + 48. Calculate the highest common factor of h and n.
5
Let h(s) be the second derivative of s**4/12 - 7*s**3/6 + s**2 + 3*s. Let c be h(7). What is the greatest common divisor of 16 and c?
2
Let m(a) = -6*a**3 - 2*a**2 + a + 7. Let t be m(-2). Calculate the highest common divisor of 15 and t.
15
Let a = 264 - 174. Let b = 148 - 106. Let r = a - b. What is the greatest common factor of 12 and r?
12
Let v be (-2 + 1)*(30 + 0)/(-5). Calculate the greatest common divisor of 78 and v.
6
Let n = -6 - -9. Calculate the highest common factor of n and 12.
3
Let m(q) = q**3 + 9*q**2 + 4*q + 6. Let b = -22 + 18. Let y be m(b). Calculate the highest common divisor of y and 14.
14
Let v be (-5104)/(-66)*3/4. Calculate the greatest common factor of 87 and v.
29
Suppose -5*o + 2*p = 48, 2*o = o - 2*p - 12. Let j be 1/4 - 102/(-8). Let c = o + j. Calculate the greatest common factor of c and 3.
3
Suppose -2*v - v + 18 = 0. Let t = -4 + v. Suppose 4*i + 20 = 0, 2*m - 4*m = -4*i - 22. Calculate the greatest common factor of m and t.
1
Let k(o) = o**3 + 4*o**2 + 3*o. Let r be k(-2). Let c be 9/(-3) + r + 5. What is the greatest common divisor of 6 and c?
2
Suppose 2*l + 4*f + 4 = 0, 4*f - 5*f = 4*l - 20. What is the highest common divisor of 3 and l?
3
Let y be -24*(8/(-18))/(2/3). What is the highest common factor of 8 and y?
8
Suppose -7*y + 67 = 4. What is the highest common divisor of y and 243?
9
Let b(j) be the third derivative of -j**4/24 - j**3/2 - 4*j**2. Let f be b(-9). What is the highest common divisor of 42 and f?
6
Suppose 4*q = -q + 270. What is the highest common divisor of q and 6?
6
Let o = 36 + -24. What is the greatest common factor of 30 and o?
6
Let q = -22 - -106. Calculate the highest common factor of q and 24.
12
Let g(i) = 3*i**2 + i. Let v be g(1). Suppose 4*t = -s + 56, -t + 4*t + v*s - 29 = 0. Calculate the highest common divisor of t and 165.
15
Suppose 0*v - 3*v + 102 = 0. What is the greatest common factor of v and 17?
17
Let a be 96/(-9)*3/(-8)*6. Calculate the greatest common factor of a and 192.
24
Let i(x) = -x + 11. Let l be i(8). What is the highest common factor of 21 and l?
3
Let y be (-2)/(-3)*9/2. Let o(f) = f - 1. Let v be o(y). Suppose q - 429 = -v*q. Calculate the greatest common factor of 13 and q.
13
Let n = 4 - 0. Let x be 170*n/(16/6). Suppose 0*v = 5*v - x. Calculate the greatest common factor of 17 and v.
17
Let j be (-4 - -1) + (8 - 5). Suppose 5*w = -j*w + 720. Let l be ((-6)/(-9))/(2/w). What is the greatest common factor of l and 6?
6
Let u be ((-90)/25)/((-3)/285). Suppose -4*c = -4, 2*c - u = -3*b - b. What is the greatest common factor of 34 and b?
17
Let j(m) = -6*m - 5. Let a(q) = q + 1. Let c(o) = 22*a(o) + 4*j(o). Let n be c(-3). What is the highest common divisor of n and 1?
1
Let f = -14 + 16. Let y(u) = 16*u - 6. Let h be y(f). Let m = 2 - -63. Calculate the greatest common factor of h and m.
13
Let z = -814 - -1326. Calculate the greatest common divisor of z and 64.
64
Suppose 2*j - 86 = 122. Suppose -4*s = 4*f - j, -5*s + 104 = -s - 2*f. Calculate the greatest common divisor of 182 and s.
26
Suppose t = 3*r - 1, -2*r + 4*t - 17 + 1 = 0. Suppose 3*q + q + 4 = 0, -3*v + 5*q = -32. Let z = v - 5. Calculate the greatest common factor of r and z.
2
Suppose -11 = 2*l - 61. What is the greatest common factor of 25 and l?
25
Suppose 4*k + 5*i = -0*k + 298, 2*k = -5*i + 154. Suppose 2*j - 48 = k. What is the highest common factor of 15 and j?
15
Let j(c) = 2*c**2 + 3*c + 2. Let n be j(-2). Let s(w) = w + 9. Let u be s(-7). Suppose -u = h - n. Calculate the highest common divisor of h and 1.
1
Suppose 3*p + 3*q - 51 = 8*q, -2*p + 30 = -2*q. Let m be (p + -2 - 2)*1. Suppose -6*i = -2*i - 48. Calculate the highest common divisor of m and i.
4
Let d(o) = 6 + 4*o - 5*o + 0*o. Let g be d(-5). What is the highest common divisor of 22 and g?
11
Let l be 9/(-9)*(-2)/2. Calculate the greatest common divisor of l and 3.
1
Suppose -3*q = -8*q + 15. Suppose 7*u - 3*u = -q*l + 23, -11 = 4*l - 3*u. Let i be (1/2)/(l/36). Calculate the highest common divisor of i and 198.
18
Let n(b) = -b - 17. Let k be n(-13). Let l be 60/k*72/(-20). Calculate the greatest common factor of l and 27.
27
Let c(q) = -q**3 + 4*q - q**2 - 4*q - q. Suppose 4*p = -22 + 6. Let w be c(p). What is the highest common factor of 13 and w?
13
Let x = 63 - 31. Let y be ((-4)/2)/((-1)/160). What is the greatest common divisor of y and x?
32
Let o = 17 + 31. Calculate the greatest common factor of 6 and o.
6
Let m = -36 + 65. What is the greatest common factor of m and 29?
29
Suppose 0 = -5*q - 2*n + 61, 3*q - 3*n - 10 = 14. Let k = 16 - 10. Let t be k - -18 - (1 - -1). Calculate the greatest common factor of t and q.
11
Suppose 14 = 2*c - 18. Suppose 0 = 3*u + 2*u - 10. Suppose -u*b + z - 16 = -4*z, 0 = -3*b + 5*z - 14. Calculate the highest common divisor of c and b.
2
Let f(w) = -w**3 + w**2 - w - 4. Let x be f(-4). Calculate the highest common factor of x and 10.
10
Suppose -42 = -5*c + 8. What is the highest common factor of 15 and c?
5
Suppose 4*r - 4*m - 121 = 467, -2*r + 309 = m.